 -4314 (base 6) in base 9?
-1311
What is c5b (base 16) in base 8?
6133
Convert 345 (base 7) to base 5.
1210
What is -348 (base 11) in base 6?
-1531
-101000110100 (base 2) to base 7
-10421
What is 332 (base 13) in base 14?
2b2
-543 (base 8) to base 3
-111011
What is -b4 (base 14) in base 7?
-314
-26014 (base 9) to base 13
-7c7b
-9582 (base 11) to base 10
-12674
Convert 251352 (base 6) to base 7.
122162
22295 (base 10) to base 11
15829
What is 1364 (base 12) in base 11?
1753
Convert -253403 (base 7) to base 13.
-18428
What is -4922 (base 11) in base 5?
-201222
Convert 12200101 (base 4) to base 12.
13501
Convert -1352 (base 10) to base 11.
-101a
Convert -27238 (base 11) to base 13.
-1490c
528 (base 14) to base 4
33320
What is 236 (base 7) in base 9?
148
Convert 10011 (base 4) to base 10.
261
What is -6d5 (base 15) in base 3?
-2010102
Convert 2ba (base 13) to base 8.
753
9c11 (base 15) to base 10
33091
Convert -8b0 (base 14) to base 13.
-a26
What is 1701 (base 8) in base 6?
4241
Convert 134140 (base 5) to base 3.
21121101
What is 1ac6 (base 14) in base 6?
34330
291 (base 11) to base 8
526
What is -11100100 (base 2) in base 4?
-3210
What is 368 (base 10) in base 7?
1034
Convert -1780 (base 10) to base 6.
-12124
Convert 213b (base 13) to base 12.
2805
Convert 46b (base 12) to base 4.
22103
Convert -101221 (base 3) to base 14.
-171
-10000010101 (base 2) to base 11
-870
What is 2020011 (base 3) in base 2?
11001011000
114265 (base 7) to base 15
621a
177 (base 8) to base 3
11201
What is 18d (base 14) in base 2?
101000001
What is 236 (base 13) in base 9?
465
What is 121 (base 9) in base 10?
100
What is -14243 (base 7) in base 14?
-15ca
What is -115452 (base 6) in base 7?
-42053
What is 1d75 (base 15) in base 11?
48a8
What is -16a64 (base 11) in base 9?
-35713
What is -1232020 (base 4) in base 10?
-7048
What is 317f (base 16) in base 12?
73bb
What is f13 (base 16) in base 9?
5257
Convert 4a753 (base 11) to base 7.
422120
What is 2133 (base 8) in base 6?
5055
Convert -621 (base 7) to base 14.
-181
Convert -210 (base 6) to base 2.
-1001110
What is -166 (base 15) in base 11?
-272
16302 (base 10) to base 3
211100210
Convert -103132 (base 5) to base 8.
-6726
Convert -14f (base 16) to base 11.
-285
Convert 244 (base 11) to base 16.
122
Convert 1011000001000 (base 2) to base 14.
20ac
Convert 2131 (base 8) to base 9.
1466
Convert 3223 (base 6) to base 4.
23133
152 (base 16) to base 8
522
What is 286 (base 12) in base 15?
1b0
112224 (base 5) to base 9
5515
What is -5a5 (base 12) in base 4?
-31031
What is -4914 (base 16) in base 8?
-44424
4a7 (base 11) to base 5
4401
What is 101102 (base 3) in base 15?
13b
-11440 (base 5) to base 2
-1101100110
Convert 101101011 (base 2) to base 15.
193
-13504 (base 6) to base 7
-6130
Convert -32 (base 15) to base 14.
-35
What is 12626 (base 10) in base 5?
401001
What is 131231 (base 4) in base 3?
2121102
Convert 45350 (base 9) to base 2.
111010111100001
What is -45dd (base 14) in base 13?
-56b9
1660 (base 10) to base 14
868
What is -256 (base 8) in base 13?
-105
What is 1012 (base 3) in base 4?
200
Convert -23442 (base 7) to base 10.
-6057
What is 21a (base 15) in base 12?
337
Convert 1312403 (base 6) to base 2.
10001100010110011
5431 (base 13) to base 11
8878
5c6c (base 13) to base 14
4abd
Convert 1272 (base 10) to base 3.
1202010
-1031 (base 4) to base 9
-85
What is 12101212 (base 3) in base 6?
30122
-654 (base 11) to base 9
-1062
-61546 (base 7) to base 10
-15028
-2023 (base 5) to base 3
-100202
What is -1022110121 (base 3) in base 12?
-12b67
Convert 8022 (base 16) to base 13.
11c13
1168 (base 11) to base 4
113312
What is 91b (base 15) in base 6?
13255
What is -102010111 (base 3) in base 4?
-1332301
What is -2047 (base 8) in base 9?
-1411
-2a401 (base 12) to base 6
-1134401
Convert 2020101111 (base 3) to base 12.
21587
1230 (base 4) to base 3
11000
-2132 (base 5) to base 2
-100100100
What is 2131 (base 7) in base 11?
629
Convert -1001100111101 (base 2) to base 12.
-2a25
Convert 3461 (base 7) to base 12.
898
What is -19eb (base 15) in base 14?
-2097
What is 13fe (base 16) in base 6?
35410
Convert -3346 (base 7) to base 12.
-84a
-2aa2 (base 12) to base 13
-2390
What is 7256 (base 14) in base 10?
19676
25076 (base 9) to base 2
100000111000100
1c84 (base 13) to base 15
143d
What is 127 (base 10) in base 2?
1111111
What is -65b (base 13) in base 12?
-76a
What is -185 (base 16) in base 4?
-12011
What is -15753 (base 8) in base 14?
-2867
Convert 201102211 (base 3) to base 9.
21384
572 (base 11) to base 2
1010101100
Convert -22302123 (base 4) to base 7.
-242553
Convert -35727 (base 8) to base 2.
-11101111010111
3052 (base 8) to base 10
1578
Convert -15761 (base 9) to base 6.
-122044
43135 (base 6) to base 10
5891
-10433 (base 5) to base 12
-51b
Convert 468 (base 11) to base 10.
558
-4324 (base 12) to base 3
-101010001
Convert -100222110 (base 3) to base 4.
-1301223
Convert 20222 (base 3) to base 8.
274
2949 (base 10) to base 14
1109
12224 (base 5) to base 16
3ab
-6ca (base 15) to base 7
-4330
Convert -43222 (base 8) to base 7.
-103446
What is 1010001010000 (base 2) in base 13?
24a0
What is 115313 (base 8) in base 10?
39627
What is -7b3 (base 12) in base 16?
-477
Convert -202210010 (base 3) to base 14.
-5742
What is -360 (base 8) in base 9?
-286
Convert 3022 (base 8) to base 10.
1554
Convert 3301 (base 4) to base 13.
157
Convert 23310 (base 4) to base 3.
1001000
What is 2 (base 12) in base 6?
2
Convert -236206 (base 7) to base 5.
-2333404
100012021 (base 3) to base 7
25354
1676 (base 16) to base 15
1a85
Convert ec8 (base 15) to base 13.
169a
Convert 1704 (base 10) to base 4.
122220
What is -417 (base 8) in base 13?
-17b
Convert 110101001100 (base 2) to base 12.
1b78
What is 4022 (base 10) in base 13?
1aa5
What is -5106 (base 8) in base 6?
-20102
What is 11031 (base 5) in base 15?
361
What is -1111133 (base 4) in base 6?
-41155
580 (base 11) to base 15
313
What is 136 (base 13) in base 2?
11010110
What is -36414 (base 8) in base 12?
-9064
What is 1515 (base 8) in base 9?
1138
What is 220121 (base 3) in base 5?
10124
Convert 9eb (base 15) to base 6.
14222
Convert 166 (base 11) to base 6.
521
Convert 4077 (base 10) to base 4.
333231
1014122 (base 5) to base 3
212000202
Convert 4c4 (base 15) to base 7.
3106
Convert -204 (base 14) to base 6.
-1500
23 (base 7) to base 8
21
-69b9 (base 12) to base 5
-334210
490a (base 15) to base 7
63202
-2021010 (base 3) to base 15
-750
What is -1001020222 (base 3) in base 4?
-11001320
Convert -61c8 (base 13) to base 15.
-4010
What is -1b53 (base 16) in base 14?
-2799
What is 6ab (base 12) in base 13?
5b7
1611 (base 8) to base 13
548
What is -7a88 (base 14) in base 12?
-103a0
cda3 (base 14) to base 7
205563
-113aa (base 11) to base 8
-40107
What is 557 (base 11) in base 8?
1233
1000111111001110 (base 2) to base 4
20333032
What is 5aa (base 13) in base 5?
12420
Convert b459 (base 12) to base 13.
8c3a
What is a78 (base 11) in base 9?
1688
What is -1217 (base 12) in base 13?
-c07
59a (base 12) to base 13
4c6
Convert -5713 (base 8) to base 6.
-21551
5141 (base 6) to base 5
14031
Convert 166 (base 11) to base 7.
364
9187 (base 11) to base 13
5721
What is 110323 (base 4) in base 11?
1008
435 (base 8) to base 12
1b9
What is 30c2 (base 14) in base 16?
20d2
Convert -10985 (base 10) to base 7.
-44012
Convert 1233 (base 8) to base 16.
29b
33200 (base 6) to base 4
1020000
Convert -1613 (base 9) to base 13.
-735
Convert -32312 (base 4) to base 10.
-950
Convert -10100110100 (base 2) to base 14.
-6b2
Convert -225455 (base 6) to base 5.
-1110103
-65f (base 16) to base 11
-1253
What is -1092 (base 12) in base 16?
-72e
What is 32430 (base 6) in base 2?
1000110000010
Convert -1233110 (base 4) to base 2.
-1101111010100
Convert -2231 (base 4) to base 3.
-20102
Convert 111764 (base 8) to base 11.
26503
What is 1001101010011001 (base 2) in base 12?
1aaa1
35123 (base 9) to base 14
8778
Convert -a1a (base 14) to base 2.
-11111000000
7934 (base 10) to base 4
1323332
1657 (base 12) to base 5
41114
-23223023 (base 4) to base 2
-1011101011001011
-343322 (base 6) to base 14
-a958
What is 1243 (base 11) in base 7?
4503
Convert 1665 (base 7) to base 11.
572
What is 103002 (base 7) in base 11?
12447
122246 (base 8) to base 14
1150a
Conve